{"id":18,"date":"2025-03-20T17:57:06","date_gmt":"2025-03-20T17:57:06","guid":{"rendered":"https:\/\/fisicomental.com.mx\/?page_id=18"},"modified":"2025-03-21T19:21:00","modified_gmt":"2025-03-21T19:21:00","slug":"inicio","status":"publish","type":"page","link":"https:\/\/fisicomental.com.mx\/","title":{"rendered":"Inicio"},"content":{"rendered":"\n<p><\/p>\n\n\n\n<div class=\"wp-block-stackable-call-to-action alignfull stk-block-call-to-action stk-block stk-c72b0a2 stk-block-background stk--has-background-overlay\" data-v=\"2\" data-block-id=\"c72b0a2\"><style>.stk-c72b0a2 {background-color:linear-gradient(90deg, #006ba1 0%, #7bdcb5 100%) !important;background-image:url(https:\/\/storage.googleapis.com\/stackable-plugin-assets\/library-v3\/section-arch-call-to-action-2\/10aa4e489cd1.jpg) !important;min-height:600px !important;align-items:center !important;display:flex !important;}.stk-c72b0a2:before{opacity:0.9 !important;background-image:linear-gradient(90deg, #006ba1 0%, #7bdcb5 100%) !important;}<\/style><div class=\"stk-block-call-to-action__content stk-content-align stk-c72b0a2-column alignwide stk-container stk-c72b0a2-container stk--no-background stk--no-padding\"><div class=\"has-text-align-left stk-block-content stk-inner-blocks stk-c72b0a2-inner-blocks\">\n<div class=\"wp-block-stackable-heading stk-block-heading stk-block-heading--v2 stk-block stk-636be16\" data-block-id=\"636be16\"><style>.stk-636be16 .stk-block-heading__text{font-size:48px !important;color:#FFFFFF !important;font-weight:600 !important;font-family:\"Lato\", Sans-serif !important;}@media screen and (max-width:999px){.stk-636be16 .stk-block-heading__text{font-size:48px !important;}}<\/style><h3 class=\"stk-block-heading__text has-text-color has-white-color\"><\/h3><\/div>\n\n\n\n<div class=\"wp-block-stackable-columns stk-block-columns stk-block stk-f4f1068\" data-block-id=\"f4f1068\"><div class=\"stk-row stk-inner-blocks stk-block-content stk-content-align stk-f4f1068-column\">\n<div class=\"wp-block-stackable-column stk-block-column stk-column stk-block stk-080ece9\" data-v=\"4\" data-block-id=\"080ece9\"><div class=\"stk-column-wrapper stk-block-column__content stk-container stk-080ece9-container stk--no-background stk--no-padding\"><div class=\"stk-block-content stk-inner-blocks stk-080ece9-inner-blocks\">\n<figure class=\"wp-block-image size-full is-resized is-style-rounded wp-duotone-grayscale\" style=\"margin-top:0;margin-bottom:0\"><img loading=\"lazy\" decoding=\"async\" width=\"275\" height=\"183\" src=\"https:\/\/fisicomental.com.mx\/wp-content\/uploads\/2025\/03\/image-7.png\" alt=\"\" class=\"wp-image-38\" style=\"width:478px;height:auto\"\/><\/figure>\n<\/div><\/div><\/div>\n\n\n\n<div class=\"wp-block-stackable-column stk-block-column stk-column stk-block stk-69a7aca\" data-v=\"4\" data-block-id=\"69a7aca\"><div class=\"stk-column-wrapper stk-block-column__content stk-container stk-69a7aca-container stk--no-background stk--no-padding\"><div class=\"stk-block-content stk-inner-blocks stk-69a7aca-inner-blocks\">\n<p class=\"has-palette-color-8-color has-text-color has-link-color has-medium-font-size wp-elements-e58752fe8bdcf21f65dad1326c489d38\">Buscas un Entrenador para que te ayude a mejorar tus tiempos en triatl\u00f3n, a terminar tu primer marat\u00f3n completar una carrera de Bici, hacer un cruce de aguas abiertas o Sumo tu sue\u00f1o de hacer Iroman<\/p>\n\n\n\n<p class=\"has-white-color has-text-color has-link-color has-medium-font-size wp-elements-0bd317e3135859e6fc3e08f60837762e\"> \u00a1 Nosotros te podemos ayudar !<\/p>\n\n\n\n<p class=\"has-white-color has-text-color has-link-color has-medium-font-size wp-elements-5552ef3209b9219d9d69011c4cc9fea7\">No importa el Nivel de Condici\u00f3n F\u00edsica que tienes ni donde vivas elaboramos aviones de entrenamientos completamente personalizados que se adecuan a tu estilo de Vida, contamos con el Personal Profesional y experimentado para poder ayudarte<\/p>\n<\/div><\/div><\/div>\n<\/div><\/div>\n\n\n\n<div class=\"wp-block-stackable-text stk-block-text stk-block stk-62733eb\" data-block-id=\"62733eb\"><style>.stk-62733eb .stk-block-text__text{color:#FFFFFF !important;}<\/style><p class=\"stk-block-text__text has-text-color has-white-color\"><\/p><\/div>\n\n\n\n<div class=\"wp-block-stackable-button-group stk-block-button-group stk-block stk-316d6c6\" data-block-id=\"316d6c6\"><div class=\"stk-row stk-inner-blocks stk-block-content stk-button-group\">\n<div class=\"wp-block-stackable-button stk-block-button stk-block stk-5cda023\" data-block-id=\"5cda023\"><style>.stk-5cda023:hover{opacity:0.8 !important;}.stk-5cda023 .stk-button{padding-right:24px !important;padding-left:24px !important;background:#7bdcb5 !important;border-top-left-radius:50px !important;border-top-right-radius:50px !important;border-bottom-right-radius:50px !important;border-bottom-left-radius:50px !important;}.stk-5cda023 .stk-button__inner-text{color:#000000 !important;}<\/style><a class=\"stk-link stk-button stk--hover-effect-darken\" href=\"\"><span class=\"has-text-color has-black-color stk-button__inner-text\">Get A Quote<\/span><\/a><\/div>\n<\/div><\/div>\n<\/div><\/div><\/div>\n\n\n\n<p><\/p>\n","protected":false},"excerpt":{"rendered":"<p>Buscas un Entrenador para que te ayude a mejorar tus tiempos en triatl\u00f3n, a terminar tu primer marat\u00f3n completar una carrera de Bici, hacer un cruce de aguas abiertas o Sumo tu sue\u00f1o de hacer Iroman \u00a1 Nosotros te podemos ayudar ! No importa el Nivel de Condici\u00f3n F\u00edsica que tienes ni donde vivas elaboramos [&hellip;]<\/p>\n","protected":false},"author":1,"featured_media":0,"parent":0,"menu_order":0,"comment_status":"closed","ping_status":"closed","template":"","meta":{"footnotes":""},"class_list":["post-18","page","type-page","status-publish","hentry"],"blocksy_meta":{"page_structure_type":"type-3","background":{"background_type":"color","background_pattern":"type-1","background_image":{"attachment_id":null,"x":0,"y":0},"gradient":"linear-gradient(135deg,rgba(6,147,227,1) 0%,rgb(155,81,224) 100%)","background_repeat":"repeat","background_size":"auto","background_attachment":"scroll","patternColor":{"default":{"color":"#e5e7ea"}},"overlayColor":{"default":{"color":"CT_CSS_SKIP_RULE"}},"backgroundColor":{"default":{"color":"#9ecbeb"}}},"styles_descriptor":{"styles":{"desktop":"[data-prefix=\"single_page\"] {background-color:#9ecbeb;background-image:none;}","tablet":"","mobile":""},"google_fonts":[],"version":6},"has_hero_section":"disabled"},"_links":{"self":[{"href":"https:\/\/fisicomental.com.mx\/index.php\/wp-json\/wp\/v2\/pages\/18","targetHints":{"allow":["GET"]}}],"collection":[{"href":"https:\/\/fisicomental.com.mx\/index.php\/wp-json\/wp\/v2\/pages"}],"about":[{"href":"https:\/\/fisicomental.com.mx\/index.php\/wp-json\/wp\/v2\/types\/page"}],"author":[{"embeddable":true,"href":"https:\/\/fisicomental.com.mx\/index.php\/wp-json\/wp\/v2\/users\/1"}],"replies":[{"embeddable":true,"href":"https:\/\/fisicomental.com.mx\/index.php\/wp-json\/wp\/v2\/comments?post=18"}],"version-history":[{"count":6,"href":"https:\/\/fisicomental.com.mx\/index.php\/wp-json\/wp\/v2\/pages\/18\/revisions"}],"predecessor-version":[{"id":69,"href":"https:\/\/fisicomental.com.mx\/index.php\/wp-json\/wp\/v2\/pages\/18\/revisions\/69"}],"wp:attachment":[{"href":"https:\/\/fisicomental.com.mx\/index.php\/wp-json\/wp\/v2\/media?parent=18"}],"curies":[{"name":"wp","href":"https:\/\/api.w.org\/{rel}","templated":true}]}}